 = 11 + -5. Suppose 102 = 4*t + 94. Let c(w) = 2*w + m - w - t*w - 4. Determine c(-7).
9
Let k(g) = -g + 4. Let n = 22 + -18. Let t be 5 + (0 - (n + -7)). Determine k(t).
-4
Let p(c) be the second derivative of c**3/3 + 71*c + 1. Determine p(6).
12
Let a = -739 + 741. Let o(p) be the second derivative of 4/3*p**3 - p**a + 1/12*p**4 - 10*p + 0. Determine o(-5).
-17
Suppose 0 = 16*g + 112 + 64. Let v(p) = -p**2 - 12*p - 19. Give v(g).
-8
Let c(g) = -7*g - 35. Let s be c(-5). Let q(o) = -o**2 + 10. Determine q(s).
10
Let k(t) = t + 3. Let j(x) = 2*x**3 - 5*x**2 + 3*x - 2. Let m be j(3). Let n = m + -16. Determine k(n).
3
Let u(j) = 3*j**3 - 2*j**2 + 6*j - 3. Let c(g) = -4*g**3 - 7*g + 4. Let h(f) = 2*c(f) + 3*u(f). What is h(5)?
-6
Suppose 0*c - 4*c = 180. Let z be (-18)/c - 32/5. Let n(o) be the first derivative of o**3/3 + 5*o**2/2 - 6*o - 5. Give n(z).
0
Suppose 18*t - 89 = -17. Let h(f) = -f**3 + 5*f**2 - 4*f - 2. Determine h(t).
-2
Suppose 16*z = 18*z - 8. Let i(a) be the second derivative of a**3/3 - 3*a**2/2 + a. Give i(z).
5
Let p(h) = 2*h - 9. Let l = -19 + 34. Suppose 4*r = 7 - l. Let f = 4 - r. What is p(f)?
3
Let p(w) = -21*w - 19*w + 1 + 45*w. Calculate p(4).
21
Let t(x) be the third derivative of x**6/360 + x**5/20 + x**4/6 + x**3 - x**2. Let o(l) be the first derivative of t(l). Let p = 10 - 16. Give o(p).
4
Let s(j) be the second derivative of -j**3/6 - 6*j**2 - j. Suppose -u + 0*u - 2*a - 2 = 0, 0 = -3*u + a + 1. Suppose u = -9*h + 7*h. Give s(h).
-12
Let u(i) be the first derivative of i**5/20 - i**3/6 - 6*i**2 + 5*i + 1. Let c(r) be the first derivative of u(r). Calculate c(0).
-12
Let f(q) = -q**2 - 3*q - 1. Let k(n) = n**2 + 2*n. Let s(z) = -5*f(z) - 4*k(z). Calculate s(-7).
5
Let s(h) = 2*h**3 + 9*h**2 + 10*h + 14. Let f be s(-4). Let r(o) = -o - 12. Give r(f).
-2
Let s(l) = 3*l + 5. Let i = 375 + -382. Give s(i).
-16
Let z(f) be the second derivative of f**4/12 - 5*f**3/3 - 2*f**2 - 91*f. What is z(10)?
-4
Let f(z) be the second derivative of -z**5/10 - z**4/3 - 2*z**3/3 - 2*z**2 - 344*z. Give f(-3).
26
Let y(c) = c**2 - 6*c - 10. Let f = 908 + -902. Determine y(f).
-10
Let m(f) = -18*f + 6. Let t be m(-1). Let o = -20 + t. Let l(j) = -2*j - 1. Calculate l(o).
-9
Let x = 47 - -139. Let a(u) = 87*u**2 + u**3 + 2*u - x*u**2 - 2 + 97*u**2 - 1. Calculate a(2).
1
Let n(i) = -2*i + 24. Let f be n(7). Let o be 90/(-18)*(-8)/f. Let l(p) = -3*p + 1. Give l(o).
-11
Let x(o) = -2 - 4*o - 7 + 5*o - 3*o - 3*o. What is x(-3)?
6
Suppose 3*y + 3*h - 3 = 7*y, 0 = -3*y + 3*h. Let f(x) = 2*x**2 + 2*x + 1. Let n(c) = -c**3 + 2*c**2 + 3*c + 6. Let o(k) = -3*f(k) + n(k). Calculate o(y).
3
Let m(a) = -a - 4. Let c = 15 - 7. Let x(q) = 7*q - 8. Let i(l) = -l + 1. Let d(y) = -6*i(y) - x(y). Let z be d(c). Calculate m(z).
2
Suppose -8 = q - 2*q. Suppose 4*a = 3*a - q. Let i(k) be the second derivative of k**3/3 + 6*k**2 + 6*k - 322. What is i(a)?
-4
Let m(w) = w - 2. Let z be m(5). Let g(b) be the first derivative of 3*b**2/2 - 4*b - 1067. Give g(z).
5
Suppose -5*b + b = 0. Let z(o) be the first derivative of o**4/4 + o**3/3 - o**2/2 - 4*o + 178. What is z(b)?
-4
Let u(f) = 33*f - f**2 + 34*f - 66*f + 3. Calculate u(-2).
-3
Let z(n) = -n**2 + 11*n - 5. Let a be (5 - 156/18)*-3. Calculate z(a).
-5
Let q(d) = 4*d + 13. Let o(f) = -111*f + 214. Let i be o(2). Determine q(i).
-19
Let o(v) = -7*v - 291 + 2*v + 289. Let s(a) = 14*a + 6. Let h(c) = -11*o(c) - 4*s(c). Determine h(2).
-4
Let l(i) be the third derivative of -i**4/24 + i**3/6 + i**2. Suppose 3*x + 130 = 112. What is l(x)?
7
Let v be (-30)/24*(0 - 4). Let d(b) = 2*b - 6. Give d(v).
4
Let l be ((-9)/(-6))/((-5)/(-2) + -2). Let z be (l*3/18)/((-8)/96). Let t(c) = -c + 7. What is t(z)?
13
Let j(f) = f**3 - 4*f**2 - 5*f + 6. Let c be j(5). Let l(m) = -7*m**2 - 12*m - 4 + 6*m**2 + 19*m. Give l(c).
2
Let h(i) = i**2 + 52*i - 53. Let g be h(-53). Let a(s) = s**3 + s**2 - 4*s + 7. What is a(g)?
7
Let u(t) = 3*t + 4. Let s = 371 + -367. Determine u(s).
16
Let m(j) = -j - 20. Suppose -4*x - 156 = 8*x. Determine m(x).
-7
Let q(p) = p**3 - p + 2 - 9 - 7 + p**2. Let f(r) = 7*r - 7. Let u be f(1). Determine q(u).
-14
Let z(g) = 5. Let d = -51 - -53. Let u(w) = w + 5. Let q(s) = d*u(s) - 3*z(s). Determine q(6).
7
Suppose k = -2*d - 3*k + 4, 3*d + 5*k - 2 = 0. Let x(r) = -7*r - 41. What is x(d)?
1
Let h(m) = 66*m**2 + 8 - 1774*m**3 - 64*m**2 + 1775*m**3. Calculate h(-2).
8
Let a(f) = -4*f + 3*f - 1 + 0*f + 4. Let g be a(10). Let d(q) be the second derivative of q**5/20 + q**4/2 - 7*q**3/6 - 3*q**2 - 8*q. Calculate d(g).
-6
Let i = 11 + -8. Let p(b) be the second derivative of b**4/12 + b**3/6 + b**2 - 91*b - 12. Calculate p(i).
14
Let x(f) = 4*f**2 + 3*f + 0 + 134*f**3 - 135*f**3 + 1. Determine x(4).
13
Let u = 179 + -122. Let p(y) = u - y + 65 - 136 + y**3. What is p(0)?
-14
Let z(i) = -5*i - 5. Suppose 8*a - 5*a - 9 = 0. Let v(c) = -4*c - 4. Let g(x) = a*z(x) - 4*v(x). Determine g(5).
6
Let a(b) = -b + 6. Suppose -153 = -27*y + 10*y. What is a(y)?
-3
Let i(c) = 3*c - 6*c - 47 - 42 + 84. Calculate i(-6).
13
Suppose 0 = -25*u - 12*u - 296. Let t(v) = -v**3 - 7*v**2 + 9*v + 7. Determine t(u).
-1
Let p(x) = -3*x - 2*x + x - 3*x. Give p(1).
-7
Let f(a) = -a**2 - 7*a + 10. Let j be f(-8). Suppose j = k + 1. Suppose 2 = -i - k. Let z(b) = b**3 + 4*b**2 - b - 1. Give z(i).
11
Suppose 0 = 2*y + 4*p - 12, 2*y - y + 5*p - 18 = 0. Let a(w) = -793 - w + 793. What is a(y)?
2
Let h = -2199/20 + 110. Let w(t) be the second derivative of -1/2*t**4 - h*t**5 - 3*t**2 - t**3 - t + 0. Calculate w(-5).
-1
Let w be (-402)/(-78) - (-6)/(-39). Let d(x) = -x**3 + 5*x**2 - x + 5. Let u be d(w). Let n(v) = v - 3. Give n(u).
-3
Let t(d) be the third derivative of d**6/120 - d**5/12 - d**4/12 + d**3 + 20*d**2. Determine t(5).
-4
Suppose 5*n = -3*r - 18, 17 = -5*n - 116*r + 114*r. Let y(w) be the third derivative of -w**6/120 - w**5/30 + w**4/6 + 2*w**3/3 + w**2. What is y(n)?
1
Let b(q) = -2*q**2 - 10*q - 5. Let c be b(-4). Let g(h) = -h**2 - 4*h + 7. Let u be g(-5). Let p(z) = u*z - 3 + 4 + 1. Calculate p(c).
8
Let p(l) = -l**2 - 5 + 5*l - 3*l**2 + 15 - 11*l - l**3 - 11. Give p(-3).
8
Let d(t) = t**2 + t - 6. Let s(z) = -2*z**3 - 9*z**2 + 2*z - 12. Let i be s(-5). Give d(i).
6
Let y(b) = -9*b + 5*b**2 - 2*b**2 - 3 + 0 - b**3. Let q(d) = -8*d + d**3 + 3*d**2 - 3*d**3 + 0*d**2 + d**3 - 2. Let w(g) = 6*q(g) - 5*y(g). Give w(2).
1
Let f(m) = -m**3 - 3*m**2 + 3*m - 4. Let h be 26/(-39) - 1/3. Let n be -1*h/2*0. Suppose 8 = -2*x - n. What is f(x)?
0
Let d(i) = i**2 + 7*i - 11. Let u be (-66)/((-30)/(-5)) - 2/(-2). What is d(u)?
19
Let a = 1 + 1. Suppose 7 = -2*u - 5*b, -3*u + b = -a*b. Let s(t) = 0 + 4*t**2 - 9*t**2 + 1. What is s(u)?
-4
Let l(p) = p**2 + 2*p + 4. Suppose -24 = -5*k + 2*s, -5*k + 0*k = -s - 27. Let q be (-2)/k - (-16)/(-6). Give l(q).
7
Suppose -3*z = 4*f - 9, 4*f = -0*z + 5*z + 17. Suppose f*h = -4*o - h + 8, -3*o = -h - 6. Let n(b) = 4*b + 4 + o*b**2 - 11*b**3 + 3*b**2 + 10*b**3. Give n(6).
-8
Let v(h) be the first derivative of -3*h**5/10 + h**4/6 - h**2/2 + 15*h - 24. Let k(z) be the first derivative of v(z). Determine k(1).
-5
Let d(y) = -y**3 + y + 1. Let n(c) = -c**3 + 2*c + 2. Let i(u) = -5*d(u) + 3*n(u). Let v = 21 + -13. Let t be (-4*4/v)/2. Determine i(t).
-2
Let h(r) = 3*r - 24. Let f(l) = 3*l - 25. Let j(d) = 5*f(d) - 4*h(d). Let u be j(7). Let o(b) = -b**3 - 7*b**2 + 9*b + 10. Give o(u).
2
Let x(v) = -1. Let n(m) = 2*m + 39. Let o(c) = n(c) + 2*x(c). Calculate o(-15).
7
Let v(h) = 6*h**2 - 2*h**2 + 0 - h**3 - 1. Let z(r) = r**3 - 5*r**2 - 5*r - 2. Let j be z(6). Suppose 3 = -j*a + 11. Determine v(a).
7
Let y(c) = 2*c - 5. Let h = 95 - 93. Let a be h/(-6) + 125/15. What is y(a)?
11
Let b(z) be the third derivative of -z**5/60 - z**4/24 + 11*z**3/6 - 68*z**2. Determine b(0).
11
Suppose -3*g = 3*u - 12, -3*g - 25 = -13. Let o(m) = -m - 2. Give o(u).
-10
Let h(t) = -14*t - 51. Let y(n) = 13*n + 51. Let s(u) = -3*h(u) - 4*y(u). Let c(j) = 3*j + 17. Let l(p) = 7*c(p) + 2*s(p). Determine l(-7).
10
Let h(w) = -w**3 - 6*w**2 + 6*w - 1. Let o(v) = -v**3 + 18*v**2 - 32*v - 21. Let j be o(16). Let t be 142/(-5) + (-2)/(-5). Let k = t - j. Give h(k).
6
Let x(s) = -s**3 + 5*s**2 + 5*s + 8. Let f(j) = -j - 2. Let t be f(-